55 (base 8) in base 11?
196641a
-520533 (base 9) to base 6
-10341350
Convert -4334265 (base 7) to base 11.
-331aaa
What is 5345146 (base 7) in base 12?
274244
Convert 157651 (base 13) to base 10.
530557
Convert -2b524 (base 16) to base 12.
-86830
Convert -4ab274 (base 12) to base 2.
-100101010010110111000
-14404636 (base 7) to base 15
-1bdd0a
Convert -158d4 (base 15) to base 8.
-207573
What is 1452107 (base 12) in base 6?
223344411
Convert -855998 (base 11) to base 7.
-14432415
-401012 (base 6) to base 13
-1134b
-c0ad8a (base 15) to base 16
-8b9b79
Convert 160987 (base 10) to base 4.
213103123
What is -1233413423 (base 5) in base 9?
-5626300
20331010302 (base 4) to base 12
952496
Convert 11100001110000010 (base 2) to base 3.
12212112222
Convert -1001001220100221 (base 3) to base 11.
-8469a62
111bbb (base 12) to base 2
1000010101001111111
What is 2003033003 (base 4) in base 13?
15a892
What is -15435022 (base 7) in base 8?
-5532116
653631 (base 8) to base 6
4410013
What is -1001011110001011 (base 2) in base 14?
-101d1
Convert -93a2f (base 16) to base 8.
-2235057
What is -9ba32 (base 13) in base 16?
-45143
220023033223 (base 4) to base 16
a0b3eb
Convert -3120320043 (base 5) to base 9.
-13060286
221142 (base 8) to base 9
122867
What is 226636 (base 7) in base 15?
c14a
What is -232419 (base 11) in base 3?
-200202102202
What is 51354 (base 13) in base 11?
9a414
Convert -20344340 (base 5) to base 7.
-1301616
1210010101 (base 3) to base 16
890b
283a68 (base 12) to base 6
22211012
Convert -5027504 (base 8) to base 2.
-101000010111101000100
What is 343644 (base 7) in base 14?
18524
-2211303 (base 5) to base 8
-112670
What is 9a78b (base 15) in base 8?
1677111
Convert -100764 (base 13) to base 12.
-15b726
-126000a (base 11) to base 12
-892553
Convert -2215747 (base 8) to base 13.
-17b947
Convert -110011100010110000111011 (base 2) to base 10.
-13511739
11201200200 (base 3) to base 7
535251
What is -154260013 (base 7) in base 4?
-213223111312
What is 1020022210122 (base 3) in base 2?
10100000001001010011
What is 763492 (base 10) in base 15?
101347
Convert 2220667 (base 8) to base 16.
921b7
Convert -9126 (base 15) to base 10.
-30636
-736672 (base 10) to base 14
-152676
Convert 2606718 (base 9) to base 4.
11123030312
Convert -431007 (base 9) to base 2.
-111110101001100111
Convert 1000010100111101000000 (base 2) to base 16.
214f40
Convert -10424202413 (base 5) to base 8.
-54045313
What is b82abb (base 12) in base 15?
3c69be
What is 7db2a (base 15) in base 11?
254112
Convert -14276023 (base 8) to base 6.
-153302003
What is 140706 (base 9) in base 14?
23414
What is -66633002 (base 7) in base 5?
-2433144403
What is -2561424 (base 9) in base 13?
-39c772
1782338 (base 12) to base 7
56425541
3003432 (base 5) to base 8
134407
-1550411 (base 6) to base 8
-264007
567927 (base 11) to base 15
12caab
103300301 (base 5) to base 10
446951
What is -101100001001111 (base 2) in base 10?
-22607
113045556 (base 7) to base 14
ccdbd6
-2232154 (base 6) to base 9
-182317
Convert -94c85c (base 13) to base 16.
-35281a
What is -7a957 (base 11) in base 4?
-130203110
-12011201100 (base 3) to base 2
-11000110111011101
Convert f45e (base 16) to base 11.
43001
25660655 (base 7) to base 10
2350913
Convert 1c2881 (base 14) to base 13.
292b76
Convert 881272 (base 11) to base 5.
330012223
-12011102110 (base 3) to base 14
-29080
Convert -7383b (base 13) to base 6.
-4242332
4140513 (base 6) to base 7
1461300
Convert -210022221210 (base 3) to base 11.
-267501
What is 13570128 (base 9) in base 4?
121220101223
-a17c (base 16) to base 5
-2310330
What is 1478c18 (base 13) in base 10?
6531533
-3403266 (base 7) to base 14
-ad7a6
Convert 57108 (base 9) to base 14.
dbc1
-213333012 (base 4) to base 5
-20220112
Convert 1033222313 (base 4) to base 9.
546565
-38477 (base 9) to base 2
-110010100110101
What is -2220301 (base 7) in base 2?
-1000010110111000110
Convert -d1469 (base 15) to base 11.
-412822
1100112312 (base 5) to base 16
23d338
Convert 552014 (base 6) to base 5.
2431202
Convert 12320554 (base 10) to base 16.
bbff2a
20120002112112 (base 3) to base 16
35302d
What is -1233876 (base 10) in base 7?
-13326210
201110102011 (base 3) to base 9
643364
Convert 15ce8e (base 16) to base 7.
15101400
1001111011010111001 (base 2) to base 5
40402210
42454 (base 12) to base 9
142351
2c4aa (base 15) to base 9
236807
Convert 31256173 (base 8) to base 13.
14b7776
Convert b32 (base 13) to base 6.
12444
What is -11010111001001000111110 (base 2) in base 14?
-d17246
45aa9 (base 11) to base 8
201764
-3595c9 (base 13) to base 15
-1a3797
What is 573a07 (base 11) in base 10?
912952
-26b5cb (base 16) to base 13
-6aa939
Convert -22010202 (base 3) to base 9.
-8122
Convert 42e0b (base 15) to base 11.
135651
Convert -19141 (base 10) to base 2.
-100101011000101
What is 217656 (base 12) in base 3?
222222222110
114841a (base 12) to base 9
6237804
409740 (base 12) to base 16
f70e0
Convert 38902 (base 11) to base 8.
154556
Convert -141342042 (base 5) to base 3.
-1101010121021
What is 1022021211 (base 3) in base 13?
b92c
2201918 (base 10) to base 11
1274374
What is -1100010110010101 (base 2) in base 12?
-25331
What is -3230301033 (base 4) in base 11?
-6026a3
1201102000220 (base 3) to base 7
10523103
11c723 (base 14) to base 4
2111010023
Convert 1042224001 (base 6) to base 15.
ed6091
101000001100100111100001 (base 2) to base 16
a0c9e1
Convert -424031 (base 7) to base 15.
-16b4e
b7ac (base 13) to base 16
6394
Convert 3999b (base 14) to base 13.
4c742
Convert -301f30 (base 16) to base 2.
-1100000001111100110000
-231882 (base 9) to base 14
-38a52
-38ab9 (base 15) to base 10
-181299
Convert 243315443 (base 6) to base 11.
26927a3
1ee (base 15) to base 14
241
What is 82c868 (base 16) in base 9?
17113155
-285758 (base 9) to base 16
-2ab03
Convert 10001101001101 (base 2) to base 13.
4162
What is -1233123332 (base 4) in base 5?
-104101241
What is 1a236 (base 13) in base 3?
2120211201
What is -239570 (base 14) in base 8?
-4510236
Convert -44677 (base 12) to base 7.
-525520
What is -392892 (base 14) in base 6?
-110051412
Convert -13404114303 (base 5) to base 12.
-5941188
-2015912 (base 10) to base 5
-1004002122
What is 104a86 (base 13) in base 16?
5d3b9
What is -1001001111101001101011 (base 2) in base 10?
-2423403
Convert -380b65 (base 13) to base 9.
-2468036
Convert a53cc0 (base 14) to base 10.
5581072
-326adb (base 14) to base 11
-a67a35
What is 21012212111 (base 3) in base 8?
425354
Convert -a61d8a (base 15) to base 4.
-132021222322
What is 52158 (base 9) in base 11?
23930
What is 10204001043 (base 5) in base 12?
367792b
1110010000101011 (base 2) to base 8
162053
Convert 7829115 (base 10) to base 11.
4468148
Convert 24601636 (base 7) to base 8.
10356264
-64122 (base 11) to base 13
-33621
-2073763 (base 9) to base 6
-35454220
What is 205b700 (base 12) in base 8?
27201460
What is -82a21 (base 11) in base 7?
-1012560
Convert 132000301 (base 4) to base 14.
32b29
Convert -12075458 (base 10) to base 4.
-232010013002
What is -13430012 (base 5) in base 7?
-1120235
What is -122244033 (base 5) in base 4?
-2033122001
-67b0bc (base 13) to base 14
-47b835
What is 22140351 (base 6) in base 8?
2425253
What is 11000110210121 (base 3) in base 12?
86b707
26ceb (base 16) to base 14
41cdd
What is 6785220 (base 9) in base 7?
43044414
10095026 (base 10) to base 2
100110100000100110110010
112211210210121 (base 3) to base 2
11110000110000011000100
What is 2444305 (base 6) in base 4?
133320101
What is 3111213 (base 5) in base 14?
14732
-29224 (base 11) to base 12
-20049
774265 (base 10) to base 2
10111101000001111001
Convert -20022020100 (base 3) to base 11.
-8526a
919d2 (base 15) to base 8
1604646
What is 42597 (base 10) in base 12?
20799
Convert -100012010010 (base 3) to base 10.
-180876
Convert 243130313 (base 5) to base 14.
21b764
Convert -1843c68 (base 13) to base 16.
-78d9e6
-1111234221 (base 5) to base 6
-124232534
-162031 (base 14) to base 4
-2330323123
What is -a5a187 (base 11) in base 2?
-110011110010111011001
278625 (base 15) to base 2
111010000001111000110
-9030 (base 13) to base 11
-13981
What is 5883176 (base 11) in base 8?
47125622
Convert -4b9367 (base 12) to base 15.
-1973c7
What is 100102202110200 (base 3) in base 8?
23101604
What is 144504014 (ba